{"id":1552,"date":"2019-05-08T17:36:22","date_gmt":"2019-05-08T15:36:22","guid":{"rendered":"http:\/\/deportes.caudete.org\/?page_id=1552"},"modified":"2026-02-20T18:19:04","modified_gmt":"2026-02-20T17:19:04","slug":"carrera-infantil","status":"publish","type":"page","link":"https:\/\/deportes.caudete.org\/cross\/carrera-infantil\/","title":{"rendered":"Carrera Infantil"},"content":{"rendered":"<h4><img loading=\"lazy\" decoding=\"async\" class=\"aligncenter size-full wp-image-1979\" src=\"http:\/\/deportes.caudete.org\/cross\/wp-content\/uploads\/2019\/05\/infantiles.jpg\" alt=\"\" width=\"800\" height=\"419\" srcset=\"https:\/\/deportes.caudete.org\/cross\/wp-content\/uploads\/2019\/05\/infantiles.jpg 800w, https:\/\/deportes.caudete.org\/cross\/wp-content\/uploads\/2019\/05\/infantiles-300x157.jpg 300w, https:\/\/deportes.caudete.org\/cross\/wp-content\/uploads\/2019\/05\/infantiles-768x402.jpg 768w, https:\/\/deportes.caudete.org\/cross\/wp-content\/uploads\/2019\/05\/infantiles-115x60.jpg 115w\" sizes=\"auto, (max-width: 800px) 100vw, 800px\" \/><\/h4>\n<h4>XLIII Cross \u00abAntonio Amor\u00f3s \u2013 Crisnova Vidrio\u00bb | 9 de mayo de 2026<\/h4>\n<p style=\"text-align: justify;\">Previamente a la salida de la carrera del Cross \u00abAntonio Amor\u00f3s\u00bb, perteneciente al Circuito Provincial de Carreras Populares, tendr\u00e1 lugar la celebraci\u00f3n de las carreras infantiles, bajo las siguientes categor\u00edas y horarios:<\/p>\n\n<table id=\"tablepress-7\" class=\"tablepress tablepress-id-7\">\n<thead>\n<tr class=\"row-1\">\n\t<th class=\"column-1\">Categor\u00eda<\/th><th class=\"column-2\">Fecha de nacimiento<\/th><th class=\"column-3\">Distancia<\/th><th class=\"column-4\">Hora de salida<\/th>\n<\/tr>\n<\/thead>\n<tbody class=\"row-striping row-hover\">\n<tr class=\"row-2\">\n\t<td class=\"column-1\">Sub 8<\/td><td class=\"column-2\">2019 y posteriores<\/td><td class=\"column-3\">400 metros<\/td><td class=\"column-4\">17:00<\/td>\n<\/tr>\n<tr class=\"row-3\">\n\t<td class=\"column-1\">Sub 10<\/td><td class=\"column-2\">2017 - 2018<\/td><td class=\"column-3\">800 metros<\/td><td class=\"column-4\">17:10<\/td>\n<\/tr>\n<tr class=\"row-4\">\n\t<td class=\"column-1\">Sub 12<\/td><td class=\"column-2\">2015 - 2016<\/td><td class=\"column-3\">1.200 metros<\/td><td class=\"column-4\">17:20<\/td>\n<\/tr>\n<tr class=\"row-5\">\n\t<td class=\"column-1\">Sub 14 - Sub 16<\/td><td class=\"column-2\">2011 - 2014<\/td><td class=\"column-3\">1.600 metros<\/td><td class=\"column-4\">17:30<\/td>\n<\/tr>\n<\/tbody>\n<\/table>\n<!-- #tablepress-7 from cache -->\n<p style=\"text-align: justify;\">Las carreras infantiles se celebrar\u00e1n en las pistas de atletismo de la Ciudad Deportiva \u00abAntonio Amor\u00f3s\u00bb.<\/p>\n<p>Las inscripciones para las carreras infantiles es gratuita, y se podr\u00e1 realizar hasta el jueves 7 de mayo a las 14:00 horas.<\/p>\n<p><b style=\"text-align: justify;\">PREMIOS Y OBSEQUIOS<\/b><\/p>\n<ul>\n<li style=\"text-align: justify;\">A todos los participantes se les entregar\u00e1 un obsequio, adem\u00e1s del avituallamiento<\/li>\n<li style=\"text-align: justify;\">Medalla para los tres primeros clasificados de cada categor\u00eda (masculino y femenino). Las categor\u00edas <strong>sub 14 y sub 16<\/strong>, corren juntos, pero clasifican por separado<\/li>\n<\/ul>\n<p><strong>INSCRIPCI\u00d3N A LA CARRERA INFANTIL<\/strong><\/p>\n<p><a class=\"fasc-button fasc-size-large fasc-type-glossy fasc-rounded-medium fasc-ico-before dashicons-edit\" style=\"background-color: #33809e; color: #ffffff;\" target=\"_blank\" rel=\"noopener\" href=\"https:\/\/forms.gle\/YTeVZ3LpJ3pkdipk6\">Pulsa para realizar la inscripci\u00f3n<\/a><\/p>\n<p>&nbsp;<\/p>\n<p>&nbsp;<\/p>\n<p><img loading=\"lazy\" decoding=\"async\" class=\"aligncenter size-full wp-image-1980\" src=\"http:\/\/deportes.caudete.org\/cross\/wp-content\/uploads\/2019\/05\/infantiles_2.jpg\" alt=\"\" width=\"800\" height=\"425\" srcset=\"https:\/\/deportes.caudete.org\/cross\/wp-content\/uploads\/2019\/05\/infantiles_2.jpg 800w, https:\/\/deportes.caudete.org\/cross\/wp-content\/uploads\/2019\/05\/infantiles_2-300x159.jpg 300w, https:\/\/deportes.caudete.org\/cross\/wp-content\/uploads\/2019\/05\/infantiles_2-768x408.jpg 768w, https:\/\/deportes.caudete.org\/cross\/wp-content\/uploads\/2019\/05\/infantiles_2-113x60.jpg 113w\" sizes=\"auto, (max-width: 800px) 100vw, 800px\" \/><\/p>\n","protected":false},"excerpt":{"rendered":"<p>XLIII Cross \u00abAntonio Amor\u00f3s \u2013 Crisnova Vidrio\u00bb | 9 de mayo de 2026 Previamente a la salida de la carrera del Cross \u00abAntonio Amor\u00f3s\u00bb, perteneciente al Circuito Provincial de Carreras Populares, tendr\u00e1 lugar la celebraci\u00f3n de las carreras infantiles, bajo las siguientes categor\u00edas y horarios: Las carreras infantiles se celebrar\u00e1n en las pistas de atletismo &hellip; <\/p>\n","protected":false},"author":1,"featured_media":0,"parent":0,"menu_order":0,"comment_status":"closed","ping_status":"closed","template":"","meta":{"footnotes":""},"class_list":["post-1552","page","type-page","status-publish","hentry"],"yoast_head":"<!-- This site is optimized with the Yoast SEO plugin v27.5 - https:\/\/yoast.com\/product\/yoast-seo-wordpress\/ -->\n<title>Cross Antonio Amor\u00f3s - Crisnova Vidrio | Caudete - Carrera Infantil<\/title>\n<meta name=\"description\" content=\"Cross Antonio Amor\u00f3s - Crisnova Vidrio | Caudete\" \/>\n<meta name=\"robots\" content=\"index, follow, max-snippet:-1, max-image-preview:large, max-video-preview:-1\" \/>\n<link rel=\"canonical\" href=\"https:\/\/deportes.caudete.org\/cross\/carrera-infantil\/\" \/>\n<meta property=\"og:locale\" content=\"es_ES\" \/>\n<meta property=\"og:type\" content=\"article\" \/>\n<meta property=\"og:title\" content=\"Cross Antonio Amor\u00f3s - Crisnova Vidrio | Caudete - Carrera Infantil\" \/>\n<meta property=\"og:description\" content=\"Cross Antonio Amor\u00f3s - Crisnova Vidrio | Caudete\" \/>\n<meta property=\"og:url\" content=\"https:\/\/deportes.caudete.org\/cross\/carrera-infantil\/\" \/>\n<meta property=\"og:site_name\" content=\"Cross Antonio Amor\u00f3s Crisnova Vidrio\" \/>\n<meta property=\"article:publisher\" content=\"https:\/\/www.facebook.com\/deporte.caudete\/\" \/>\n<meta property=\"article:modified_time\" content=\"2026-02-20T17:19:04+00:00\" \/>\n<meta property=\"og:image\" content=\"https:\/\/deportes.caudete.org\/cross\/wp-content\/uploads\/2019\/05\/infantiles.jpg\" \/>\n\t<meta property=\"og:image:width\" content=\"800\" \/>\n\t<meta property=\"og:image:height\" content=\"419\" \/>\n\t<meta property=\"og:image:type\" content=\"image\/jpeg\" \/>\n<meta name=\"twitter:card\" content=\"summary_large_image\" \/>\n<meta name=\"twitter:label1\" content=\"Tiempo de lectura\" \/>\n\t<meta name=\"twitter:data1\" content=\"2 minutos\" \/>\n<script type=\"application\/ld+json\" class=\"yoast-schema-graph\">{\"@context\":\"https:\\\/\\\/schema.org\",\"@graph\":[{\"@type\":\"WebPage\",\"@id\":\"https:\\\/\\\/deportes.caudete.org\\\/cross\\\/carrera-infantil\\\/\",\"url\":\"https:\\\/\\\/deportes.caudete.org\\\/cross\\\/carrera-infantil\\\/\",\"name\":\"Cross Antonio Amor\u00f3s - Crisnova Vidrio | Caudete - Carrera Infantil\",\"isPartOf\":{\"@id\":\"https:\\\/\\\/deportes.caudete.org\\\/cross\\\/#website\"},\"primaryImageOfPage\":{\"@id\":\"https:\\\/\\\/deportes.caudete.org\\\/cross\\\/carrera-infantil\\\/#primaryimage\"},\"image\":{\"@id\":\"https:\\\/\\\/deportes.caudete.org\\\/cross\\\/carrera-infantil\\\/#primaryimage\"},\"thumbnailUrl\":\"http:\\\/\\\/deportes.caudete.org\\\/cross\\\/wp-content\\\/uploads\\\/2019\\\/05\\\/infantiles.jpg\",\"datePublished\":\"2019-05-08T15:36:22+00:00\",\"dateModified\":\"2026-02-20T17:19:04+00:00\",\"description\":\"Cross Antonio Amor\u00f3s - Crisnova Vidrio | Caudete\",\"breadcrumb\":{\"@id\":\"https:\\\/\\\/deportes.caudete.org\\\/cross\\\/carrera-infantil\\\/#breadcrumb\"},\"inLanguage\":\"es\",\"potentialAction\":[{\"@type\":\"ReadAction\",\"target\":[\"https:\\\/\\\/deportes.caudete.org\\\/cross\\\/carrera-infantil\\\/\"]}]},{\"@type\":\"ImageObject\",\"inLanguage\":\"es\",\"@id\":\"https:\\\/\\\/deportes.caudete.org\\\/cross\\\/carrera-infantil\\\/#primaryimage\",\"url\":\"https:\\\/\\\/deportes.caudete.org\\\/cross\\\/wp-content\\\/uploads\\\/2019\\\/05\\\/infantiles.jpg\",\"contentUrl\":\"https:\\\/\\\/deportes.caudete.org\\\/cross\\\/wp-content\\\/uploads\\\/2019\\\/05\\\/infantiles.jpg\",\"width\":800,\"height\":419},{\"@type\":\"BreadcrumbList\",\"@id\":\"https:\\\/\\\/deportes.caudete.org\\\/cross\\\/carrera-infantil\\\/#breadcrumb\",\"itemListElement\":[{\"@type\":\"ListItem\",\"position\":1,\"name\":\"Portada\",\"item\":\"https:\\\/\\\/deportes.caudete.org\\\/cross\\\/\"},{\"@type\":\"ListItem\",\"position\":2,\"name\":\"Carrera Infantil\"}]},{\"@type\":\"WebSite\",\"@id\":\"https:\\\/\\\/deportes.caudete.org\\\/cross\\\/#website\",\"url\":\"https:\\\/\\\/deportes.caudete.org\\\/cross\\\/\",\"name\":\"Cross Antonio Amor\u00f3s Crisnova Vidrio\",\"description\":\"Cross Antonio Amor\u00f3s Crisnova Vidrio - Caudete (Albacete)\",\"publisher\":{\"@id\":\"https:\\\/\\\/deportes.caudete.org\\\/cross\\\/#organization\"},\"alternateName\":\"Cross Antonio Amor\u00f3s\",\"potentialAction\":[{\"@type\":\"SearchAction\",\"target\":{\"@type\":\"EntryPoint\",\"urlTemplate\":\"https:\\\/\\\/deportes.caudete.org\\\/cross\\\/?s={search_term_string}\"},\"query-input\":{\"@type\":\"PropertyValueSpecification\",\"valueRequired\":true,\"valueName\":\"search_term_string\"}}],\"inLanguage\":\"es\"},{\"@type\":\"Organization\",\"@id\":\"https:\\\/\\\/deportes.caudete.org\\\/cross\\\/#organization\",\"name\":\"Cross Antonio Amor\u00f3s - Crisnova Vidrio\",\"alternateName\":\"Ayuntamiento de Caudete\",\"url\":\"https:\\\/\\\/deportes.caudete.org\\\/cross\\\/\",\"logo\":{\"@type\":\"ImageObject\",\"inLanguage\":\"es\",\"@id\":\"https:\\\/\\\/deportes.caudete.org\\\/cross\\\/#\\\/schema\\\/logo\\\/image\\\/\",\"url\":\"https:\\\/\\\/deportes.caudete.org\\\/cross\\\/wp-content\\\/uploads\\\/2023\\\/03\\\/logo-cross-2023.png\",\"contentUrl\":\"https:\\\/\\\/deportes.caudete.org\\\/cross\\\/wp-content\\\/uploads\\\/2023\\\/03\\\/logo-cross-2023.png\",\"width\":1200,\"height\":167,\"caption\":\"Cross Antonio Amor\u00f3s - Crisnova Vidrio\"},\"image\":{\"@id\":\"https:\\\/\\\/deportes.caudete.org\\\/cross\\\/#\\\/schema\\\/logo\\\/image\\\/\"},\"sameAs\":[\"https:\\\/\\\/www.facebook.com\\\/deporte.caudete\\\/\"]}]}<\/script>\n<!-- \/ Yoast SEO plugin. -->","yoast_head_json":{"title":"Cross Antonio Amor\u00f3s - Crisnova Vidrio | Caudete - Carrera Infantil","description":"Cross Antonio Amor\u00f3s - Crisnova Vidrio | Caudete","robots":{"index":"index","follow":"follow","max-snippet":"max-snippet:-1","max-image-preview":"max-image-preview:large","max-video-preview":"max-video-preview:-1"},"canonical":"https:\/\/deportes.caudete.org\/cross\/carrera-infantil\/","og_locale":"es_ES","og_type":"article","og_title":"Cross Antonio Amor\u00f3s - Crisnova Vidrio | Caudete - Carrera Infantil","og_description":"Cross Antonio Amor\u00f3s - Crisnova Vidrio | Caudete","og_url":"https:\/\/deportes.caudete.org\/cross\/carrera-infantil\/","og_site_name":"Cross Antonio Amor\u00f3s Crisnova Vidrio","article_publisher":"https:\/\/www.facebook.com\/deporte.caudete\/","article_modified_time":"2026-02-20T17:19:04+00:00","og_image":[{"width":800,"height":419,"url":"https:\/\/deportes.caudete.org\/cross\/wp-content\/uploads\/2019\/05\/infantiles.jpg","type":"image\/jpeg"}],"twitter_card":"summary_large_image","twitter_misc":{"Tiempo de lectura":"2 minutos"},"schema":{"@context":"https:\/\/schema.org","@graph":[{"@type":"WebPage","@id":"https:\/\/deportes.caudete.org\/cross\/carrera-infantil\/","url":"https:\/\/deportes.caudete.org\/cross\/carrera-infantil\/","name":"Cross Antonio Amor\u00f3s - Crisnova Vidrio | Caudete - Carrera Infantil","isPartOf":{"@id":"https:\/\/deportes.caudete.org\/cross\/#website"},"primaryImageOfPage":{"@id":"https:\/\/deportes.caudete.org\/cross\/carrera-infantil\/#primaryimage"},"image":{"@id":"https:\/\/deportes.caudete.org\/cross\/carrera-infantil\/#primaryimage"},"thumbnailUrl":"http:\/\/deportes.caudete.org\/cross\/wp-content\/uploads\/2019\/05\/infantiles.jpg","datePublished":"2019-05-08T15:36:22+00:00","dateModified":"2026-02-20T17:19:04+00:00","description":"Cross Antonio Amor\u00f3s - Crisnova Vidrio | Caudete","breadcrumb":{"@id":"https:\/\/deportes.caudete.org\/cross\/carrera-infantil\/#breadcrumb"},"inLanguage":"es","potentialAction":[{"@type":"ReadAction","target":["https:\/\/deportes.caudete.org\/cross\/carrera-infantil\/"]}]},{"@type":"ImageObject","inLanguage":"es","@id":"https:\/\/deportes.caudete.org\/cross\/carrera-infantil\/#primaryimage","url":"https:\/\/deportes.caudete.org\/cross\/wp-content\/uploads\/2019\/05\/infantiles.jpg","contentUrl":"https:\/\/deportes.caudete.org\/cross\/wp-content\/uploads\/2019\/05\/infantiles.jpg","width":800,"height":419},{"@type":"BreadcrumbList","@id":"https:\/\/deportes.caudete.org\/cross\/carrera-infantil\/#breadcrumb","itemListElement":[{"@type":"ListItem","position":1,"name":"Portada","item":"https:\/\/deportes.caudete.org\/cross\/"},{"@type":"ListItem","position":2,"name":"Carrera Infantil"}]},{"@type":"WebSite","@id":"https:\/\/deportes.caudete.org\/cross\/#website","url":"https:\/\/deportes.caudete.org\/cross\/","name":"Cross Antonio Amor\u00f3s Crisnova Vidrio","description":"Cross Antonio Amor\u00f3s Crisnova Vidrio - Caudete (Albacete)","publisher":{"@id":"https:\/\/deportes.caudete.org\/cross\/#organization"},"alternateName":"Cross Antonio Amor\u00f3s","potentialAction":[{"@type":"SearchAction","target":{"@type":"EntryPoint","urlTemplate":"https:\/\/deportes.caudete.org\/cross\/?s={search_term_string}"},"query-input":{"@type":"PropertyValueSpecification","valueRequired":true,"valueName":"search_term_string"}}],"inLanguage":"es"},{"@type":"Organization","@id":"https:\/\/deportes.caudete.org\/cross\/#organization","name":"Cross Antonio Amor\u00f3s - Crisnova Vidrio","alternateName":"Ayuntamiento de Caudete","url":"https:\/\/deportes.caudete.org\/cross\/","logo":{"@type":"ImageObject","inLanguage":"es","@id":"https:\/\/deportes.caudete.org\/cross\/#\/schema\/logo\/image\/","url":"https:\/\/deportes.caudete.org\/cross\/wp-content\/uploads\/2023\/03\/logo-cross-2023.png","contentUrl":"https:\/\/deportes.caudete.org\/cross\/wp-content\/uploads\/2023\/03\/logo-cross-2023.png","width":1200,"height":167,"caption":"Cross Antonio Amor\u00f3s - Crisnova Vidrio"},"image":{"@id":"https:\/\/deportes.caudete.org\/cross\/#\/schema\/logo\/image\/"},"sameAs":["https:\/\/www.facebook.com\/deporte.caudete\/"]}]}},"_links":{"self":[{"href":"https:\/\/deportes.caudete.org\/cross\/wp-json\/wp\/v2\/pages\/1552","targetHints":{"allow":["GET"]}}],"collection":[{"href":"https:\/\/deportes.caudete.org\/cross\/wp-json\/wp\/v2\/pages"}],"about":[{"href":"https:\/\/deportes.caudete.org\/cross\/wp-json\/wp\/v2\/types\/page"}],"author":[{"embeddable":true,"href":"https:\/\/deportes.caudete.org\/cross\/wp-json\/wp\/v2\/users\/1"}],"replies":[{"embeddable":true,"href":"https:\/\/deportes.caudete.org\/cross\/wp-json\/wp\/v2\/comments?post=1552"}],"version-history":[{"count":21,"href":"https:\/\/deportes.caudete.org\/cross\/wp-json\/wp\/v2\/pages\/1552\/revisions"}],"predecessor-version":[{"id":3177,"href":"https:\/\/deportes.caudete.org\/cross\/wp-json\/wp\/v2\/pages\/1552\/revisions\/3177"}],"wp:attachment":[{"href":"https:\/\/deportes.caudete.org\/cross\/wp-json\/wp\/v2\/media?parent=1552"}],"curies":[{"name":"wp","href":"https:\/\/api.w.org\/{rel}","templated":true}]}}