{"id":1579,"date":"2019-05-08T18:28:28","date_gmt":"2019-05-08T16:28:28","guid":{"rendered":"http:\/\/deportes.caudete.org\/?page_id=1579"},"modified":"2023-02-21T13:31:50","modified_gmt":"2023-02-21T12:31:50","slug":"turismo-caudete","status":"publish","type":"page","link":"https:\/\/deportes.caudete.org\/cross\/turismo-caudete\/","title":{"rendered":"Turismo Caudete"},"content":{"rendered":"<p><img loading=\"lazy\" decoding=\"async\" class=\"aligncenter size-full wp-image-1970\" src=\"http:\/\/deportes.caudete.org\/cross\/wp-content\/uploads\/2019\/05\/caudete_2.jpg\" alt=\"\" width=\"800\" height=\"375\" srcset=\"https:\/\/deportes.caudete.org\/cross\/wp-content\/uploads\/2019\/05\/caudete_2.jpg 800w, https:\/\/deportes.caudete.org\/cross\/wp-content\/uploads\/2019\/05\/caudete_2-300x141.jpg 300w, https:\/\/deportes.caudete.org\/cross\/wp-content\/uploads\/2019\/05\/caudete_2-768x360.jpg 768w, https:\/\/deportes.caudete.org\/cross\/wp-content\/uploads\/2019\/05\/caudete_2-128x60.jpg 128w\" sizes=\"auto, (max-width: 800px) 100vw, 800px\" \/><\/p>\n<p>&nbsp;<\/p>\n<p>Conozca m\u00e1s sobre el turismo en <strong>Caudete<\/strong> visitando la p\u00e1gina web:<\/p>\n<p><strong><a href=\"https:\/\/turismo.caudete.org\/\" target=\"_blank\" rel=\"noopener\">TURISMO CAUDETE<\/a><\/strong><\/p>\n<h3>Lugares donde comer en Caudete<\/h3>\n<p><b>Restaurante El Leng\u00fcetero<\/b><br \/>\nAvda. de Valencia, 116<br \/>\nCategor\u00eda: 2 tenedores<br \/>\nD\u00eda de cierre: domingo. Resto de d\u00edas, abierto de 7\u00b400 a 23\u00b400 h.<br \/>\nCapacidad: 350 comensales<br \/>\nEspecialidades:cocina caudetana y manchega, pescados frescos. Eventos<br \/>\nTelf.: 96-582-55-80<\/p>\n<p><b>Gastrobar \u00abLa Notar\u00eda\u00bb<\/b><br \/>\nC\/ Joan Mir\u00f3, 4<br \/>\nD\u00eda de cierre: lunes. Horario: L-V: 9\u00b400-16\u00b400 \/ 18\u00b430-24\u00b400h. S-D: 9\u00b400-24\u00b400h.<br \/>\nCapacidad: 42 comensales<br \/>\nTelf.: 635-33-11-83<\/p>\n<p><b>Braser\u00eda Picola<\/b><br \/>\nC\/General Lasala, 17<br \/>\nHorario, L-J: 9\u00b430 a 12\u00b400h. V-D: 9\u00b430 a 15\u00b430 y 20\u00b400 a 24\u00b400h.<br \/>\nCapacidad: 168 comensales. Terraza de verano<br \/>\nEspecialidades: carnes a la brasa, paella y gazpacho manchego. Eventos.<br \/>\nTelf.: 96-582-50-56<\/p>\n<p><b>Asador G\u00f3ndola<\/b><br \/>\nC\/ Corona de Arag\u00f3n, 17<br \/>\nHorario, L-J: 8\u00b430 a 16\u00b400hrs. V-D: 8\u00b430 a 23\u00b400hrs.<br \/>\nCapacidad: 150 comensales<br \/>\nEspecialidades:asados, carnes, comida casera y cocina italiana<br \/>\nTelf.: 96-582-78-71<\/p>\n<p><b>Los Naranjos<\/b><br \/>\nC\/ Corona de Arag\u00f3n, 10<br \/>\nCapacidad: 60 comensales<br \/>\nEspecialidades: comida casera de temporada, men\u00fas para grupos.<br \/>\nTel\u00e9fono:96-582-78-05<\/p>\n<p><b>Nuevo Cruce<\/b><br \/>\nCtra. Alicante-Madrid km 69<br \/>\nCapacidad: 100 comensales<br \/>\nHorario: de lunes a domingo<br \/>\nEspecialidades: carnes a la brasa, gaspachos,comida casera de temporada.<br \/>\nTel\u00e9fono: 96-582-59-35<\/p>\n<p><b>Vilmar<\/b><br \/>\nPol\u00edgono Los Villares, 4<br \/>\nHorario: de lunes a domingo<br \/>\nCapacidad:60 comensales. Dispone de terraza de verano<br \/>\nEspecialidades: almuerzos, men\u00fas especiales grupos, cenas fin de semana. Facilidad de aparcamiento.<br \/>\nTelf.: 96-582-71-58<\/p>\n<p><b>El Roc\u00edn II<\/b><br \/>\nAutov\u00eda A-31 salida 168<br \/>\nHorario: de lunes a domingo<br \/>\nEspecialidades: aperitivos, men\u00fa del d\u00eda.<br \/>\nDispone de terraza.Facilidad de aparcamiento.<br \/>\nTel\u00e9fono: 965-979-226<\/p>\n<p><b>Gastrobar La Notar\u00eda<\/b><br \/>\nPlaza del Carmen,3<br \/>\nEspecialidades: men\u00fa del d\u00eda, aperitivos y c\u00f3cteles en un espacio diferente (la planta baja y bodegas de una casa de principios del s. XX). Dispone de terraza.<br \/>\nTel\u00e9fono: 967-08-15-32<\/p>\n<p>&nbsp;<\/p>\n<p><img loading=\"lazy\" decoding=\"async\" class=\"aligncenter size-full wp-image-1969\" src=\"http:\/\/deportes.caudete.org\/cross\/wp-content\/uploads\/2019\/05\/caudete_1.jpg\" alt=\"\" width=\"800\" height=\"400\" srcset=\"https:\/\/deportes.caudete.org\/cross\/wp-content\/uploads\/2019\/05\/caudete_1.jpg 800w, https:\/\/deportes.caudete.org\/cross\/wp-content\/uploads\/2019\/05\/caudete_1-300x150.jpg 300w, https:\/\/deportes.caudete.org\/cross\/wp-content\/uploads\/2019\/05\/caudete_1-768x384.jpg 768w, https:\/\/deportes.caudete.org\/cross\/wp-content\/uploads\/2019\/05\/caudete_1-120x60.jpg 120w\" sizes=\"auto, (max-width: 800px) 100vw, 800px\" \/><\/p>\n","protected":false},"excerpt":{"rendered":"<p>&nbsp; Conozca m\u00e1s sobre el turismo en Caudete visitando la p\u00e1gina web: TURISMO CAUDETE Lugares donde comer en Caudete Restaurante El Leng\u00fcetero Avda. de Valencia, 116 Categor\u00eda: 2 tenedores D\u00eda de cierre: domingo. Resto de d\u00edas, abierto de 7\u00b400 a 23\u00b400 h. Capacidad: 350 comensales Especialidades:cocina caudetana y manchega, pescados frescos. Eventos Telf.: 96-582-55-80 Gastrobar &hellip; <\/p>\n","protected":false},"author":1,"featured_media":0,"parent":0,"menu_order":0,"comment_status":"closed","ping_status":"closed","template":"","meta":{"footnotes":""},"class_list":["post-1579","page","type-page","status-publish","hentry"],"yoast_head":"<!-- This site is optimized with the Yoast SEO plugin v27.4 - https:\/\/yoast.com\/product\/yoast-seo-wordpress\/ -->\n<title>Cross Antonio Amor\u00f3s - Crisnova Vidrio | Caudete - Turismo Caudete<\/title>\n<meta name=\"description\" content=\"Cross Antonio Amor\u00f3s - Crisnova Vidrio | Caudete\" \/>\n<meta name=\"robots\" content=\"index, follow, max-snippet:-1, max-image-preview:large, max-video-preview:-1\" \/>\n<link rel=\"canonical\" href=\"https:\/\/deportes.caudete.org\/cross\/turismo-caudete\/\" \/>\n<meta property=\"og:locale\" content=\"es_ES\" \/>\n<meta property=\"og:type\" content=\"article\" \/>\n<meta property=\"og:title\" content=\"Cross Antonio Amor\u00f3s - Crisnova Vidrio | Caudete - Turismo Caudete\" \/>\n<meta property=\"og:description\" content=\"Cross Antonio Amor\u00f3s - Crisnova Vidrio | Caudete\" \/>\n<meta property=\"og:url\" content=\"https:\/\/deportes.caudete.org\/cross\/turismo-caudete\/\" \/>\n<meta property=\"og:site_name\" content=\"Cross Antonio Amor\u00f3s Crisnova Vidrio\" \/>\n<meta property=\"article:publisher\" content=\"https:\/\/www.facebook.com\/deporte.caudete\/\" \/>\n<meta property=\"article:modified_time\" content=\"2023-02-21T12:31:50+00:00\" \/>\n<meta property=\"og:image\" content=\"http:\/\/deportes.caudete.org\/cross\/wp-content\/uploads\/2019\/05\/caudete_2.jpg\" \/>\n<meta name=\"twitter:card\" content=\"summary_large_image\" \/>\n<meta name=\"twitter:label1\" content=\"Tiempo de lectura\" \/>\n\t<meta name=\"twitter:data1\" content=\"2 minutos\" \/>\n<script type=\"application\/ld+json\" class=\"yoast-schema-graph\">{\"@context\":\"https:\\\/\\\/schema.org\",\"@graph\":[{\"@type\":\"WebPage\",\"@id\":\"https:\\\/\\\/deportes.caudete.org\\\/cross\\\/turismo-caudete\\\/\",\"url\":\"https:\\\/\\\/deportes.caudete.org\\\/cross\\\/turismo-caudete\\\/\",\"name\":\"Cross Antonio Amor\u00f3s - Crisnova Vidrio | Caudete - Turismo Caudete\",\"isPartOf\":{\"@id\":\"https:\\\/\\\/deportes.caudete.org\\\/cross\\\/#website\"},\"primaryImageOfPage\":{\"@id\":\"https:\\\/\\\/deportes.caudete.org\\\/cross\\\/turismo-caudete\\\/#primaryimage\"},\"image\":{\"@id\":\"https:\\\/\\\/deportes.caudete.org\\\/cross\\\/turismo-caudete\\\/#primaryimage\"},\"thumbnailUrl\":\"http:\\\/\\\/deportes.caudete.org\\\/cross\\\/wp-content\\\/uploads\\\/2019\\\/05\\\/caudete_2.jpg\",\"datePublished\":\"2019-05-08T16:28:28+00:00\",\"dateModified\":\"2023-02-21T12:31:50+00:00\",\"description\":\"Cross Antonio Amor\u00f3s - Crisnova Vidrio | Caudete\",\"breadcrumb\":{\"@id\":\"https:\\\/\\\/deportes.caudete.org\\\/cross\\\/turismo-caudete\\\/#breadcrumb\"},\"inLanguage\":\"es\",\"potentialAction\":[{\"@type\":\"ReadAction\",\"target\":[\"https:\\\/\\\/deportes.caudete.org\\\/cross\\\/turismo-caudete\\\/\"]}]},{\"@type\":\"ImageObject\",\"inLanguage\":\"es\",\"@id\":\"https:\\\/\\\/deportes.caudete.org\\\/cross\\\/turismo-caudete\\\/#primaryimage\",\"url\":\"https:\\\/\\\/deportes.caudete.org\\\/cross\\\/wp-content\\\/uploads\\\/2019\\\/05\\\/caudete_2.jpg\",\"contentUrl\":\"https:\\\/\\\/deportes.caudete.org\\\/cross\\\/wp-content\\\/uploads\\\/2019\\\/05\\\/caudete_2.jpg\",\"width\":800,\"height\":375},{\"@type\":\"BreadcrumbList\",\"@id\":\"https:\\\/\\\/deportes.caudete.org\\\/cross\\\/turismo-caudete\\\/#breadcrumb\",\"itemListElement\":[{\"@type\":\"ListItem\",\"position\":1,\"name\":\"Portada\",\"item\":\"https:\\\/\\\/deportes.caudete.org\\\/cross\\\/\"},{\"@type\":\"ListItem\",\"position\":2,\"name\":\"Turismo Caudete\"}]},{\"@type\":\"WebSite\",\"@id\":\"https:\\\/\\\/deportes.caudete.org\\\/cross\\\/#website\",\"url\":\"https:\\\/\\\/deportes.caudete.org\\\/cross\\\/\",\"name\":\"Cross Antonio Amor\u00f3s Crisnova Vidrio\",\"description\":\"Cross Antonio Amor\u00f3s Crisnova Vidrio - Caudete (Albacete)\",\"publisher\":{\"@id\":\"https:\\\/\\\/deportes.caudete.org\\\/cross\\\/#organization\"},\"alternateName\":\"Cross Antonio Amor\u00f3s\",\"potentialAction\":[{\"@type\":\"SearchAction\",\"target\":{\"@type\":\"EntryPoint\",\"urlTemplate\":\"https:\\\/\\\/deportes.caudete.org\\\/cross\\\/?s={search_term_string}\"},\"query-input\":{\"@type\":\"PropertyValueSpecification\",\"valueRequired\":true,\"valueName\":\"search_term_string\"}}],\"inLanguage\":\"es\"},{\"@type\":\"Organization\",\"@id\":\"https:\\\/\\\/deportes.caudete.org\\\/cross\\\/#organization\",\"name\":\"Cross Antonio Amor\u00f3s - Crisnova Vidrio\",\"alternateName\":\"Ayuntamiento de Caudete\",\"url\":\"https:\\\/\\\/deportes.caudete.org\\\/cross\\\/\",\"logo\":{\"@type\":\"ImageObject\",\"inLanguage\":\"es\",\"@id\":\"https:\\\/\\\/deportes.caudete.org\\\/cross\\\/#\\\/schema\\\/logo\\\/image\\\/\",\"url\":\"https:\\\/\\\/deportes.caudete.org\\\/cross\\\/wp-content\\\/uploads\\\/2023\\\/03\\\/logo-cross-2023.png\",\"contentUrl\":\"https:\\\/\\\/deportes.caudete.org\\\/cross\\\/wp-content\\\/uploads\\\/2023\\\/03\\\/logo-cross-2023.png\",\"width\":1200,\"height\":167,\"caption\":\"Cross Antonio Amor\u00f3s - Crisnova Vidrio\"},\"image\":{\"@id\":\"https:\\\/\\\/deportes.caudete.org\\\/cross\\\/#\\\/schema\\\/logo\\\/image\\\/\"},\"sameAs\":[\"https:\\\/\\\/www.facebook.com\\\/deporte.caudete\\\/\"]}]}<\/script>\n<!-- \/ Yoast SEO plugin. -->","yoast_head_json":{"title":"Cross Antonio Amor\u00f3s - Crisnova Vidrio | Caudete - Turismo Caudete","description":"Cross Antonio Amor\u00f3s - Crisnova Vidrio | Caudete","robots":{"index":"index","follow":"follow","max-snippet":"max-snippet:-1","max-image-preview":"max-image-preview:large","max-video-preview":"max-video-preview:-1"},"canonical":"https:\/\/deportes.caudete.org\/cross\/turismo-caudete\/","og_locale":"es_ES","og_type":"article","og_title":"Cross Antonio Amor\u00f3s - Crisnova Vidrio | Caudete - Turismo Caudete","og_description":"Cross Antonio Amor\u00f3s - Crisnova Vidrio | Caudete","og_url":"https:\/\/deportes.caudete.org\/cross\/turismo-caudete\/","og_site_name":"Cross Antonio Amor\u00f3s Crisnova Vidrio","article_publisher":"https:\/\/www.facebook.com\/deporte.caudete\/","article_modified_time":"2023-02-21T12:31:50+00:00","og_image":[{"url":"http:\/\/deportes.caudete.org\/cross\/wp-content\/uploads\/2019\/05\/caudete_2.jpg","type":"","width":"","height":""}],"twitter_card":"summary_large_image","twitter_misc":{"Tiempo de lectura":"2 minutos"},"schema":{"@context":"https:\/\/schema.org","@graph":[{"@type":"WebPage","@id":"https:\/\/deportes.caudete.org\/cross\/turismo-caudete\/","url":"https:\/\/deportes.caudete.org\/cross\/turismo-caudete\/","name":"Cross Antonio Amor\u00f3s - Crisnova Vidrio | Caudete - Turismo Caudete","isPartOf":{"@id":"https:\/\/deportes.caudete.org\/cross\/#website"},"primaryImageOfPage":{"@id":"https:\/\/deportes.caudete.org\/cross\/turismo-caudete\/#primaryimage"},"image":{"@id":"https:\/\/deportes.caudete.org\/cross\/turismo-caudete\/#primaryimage"},"thumbnailUrl":"http:\/\/deportes.caudete.org\/cross\/wp-content\/uploads\/2019\/05\/caudete_2.jpg","datePublished":"2019-05-08T16:28:28+00:00","dateModified":"2023-02-21T12:31:50+00:00","description":"Cross Antonio Amor\u00f3s - Crisnova Vidrio | Caudete","breadcrumb":{"@id":"https:\/\/deportes.caudete.org\/cross\/turismo-caudete\/#breadcrumb"},"inLanguage":"es","potentialAction":[{"@type":"ReadAction","target":["https:\/\/deportes.caudete.org\/cross\/turismo-caudete\/"]}]},{"@type":"ImageObject","inLanguage":"es","@id":"https:\/\/deportes.caudete.org\/cross\/turismo-caudete\/#primaryimage","url":"https:\/\/deportes.caudete.org\/cross\/wp-content\/uploads\/2019\/05\/caudete_2.jpg","contentUrl":"https:\/\/deportes.caudete.org\/cross\/wp-content\/uploads\/2019\/05\/caudete_2.jpg","width":800,"height":375},{"@type":"BreadcrumbList","@id":"https:\/\/deportes.caudete.org\/cross\/turismo-caudete\/#breadcrumb","itemListElement":[{"@type":"ListItem","position":1,"name":"Portada","item":"https:\/\/deportes.caudete.org\/cross\/"},{"@type":"ListItem","position":2,"name":"Turismo Caudete"}]},{"@type":"WebSite","@id":"https:\/\/deportes.caudete.org\/cross\/#website","url":"https:\/\/deportes.caudete.org\/cross\/","name":"Cross Antonio Amor\u00f3s Crisnova Vidrio","description":"Cross Antonio Amor\u00f3s Crisnova Vidrio - Caudete (Albacete)","publisher":{"@id":"https:\/\/deportes.caudete.org\/cross\/#organization"},"alternateName":"Cross Antonio Amor\u00f3s","potentialAction":[{"@type":"SearchAction","target":{"@type":"EntryPoint","urlTemplate":"https:\/\/deportes.caudete.org\/cross\/?s={search_term_string}"},"query-input":{"@type":"PropertyValueSpecification","valueRequired":true,"valueName":"search_term_string"}}],"inLanguage":"es"},{"@type":"Organization","@id":"https:\/\/deportes.caudete.org\/cross\/#organization","name":"Cross Antonio Amor\u00f3s - Crisnova Vidrio","alternateName":"Ayuntamiento de Caudete","url":"https:\/\/deportes.caudete.org\/cross\/","logo":{"@type":"ImageObject","inLanguage":"es","@id":"https:\/\/deportes.caudete.org\/cross\/#\/schema\/logo\/image\/","url":"https:\/\/deportes.caudete.org\/cross\/wp-content\/uploads\/2023\/03\/logo-cross-2023.png","contentUrl":"https:\/\/deportes.caudete.org\/cross\/wp-content\/uploads\/2023\/03\/logo-cross-2023.png","width":1200,"height":167,"caption":"Cross Antonio Amor\u00f3s - Crisnova Vidrio"},"image":{"@id":"https:\/\/deportes.caudete.org\/cross\/#\/schema\/logo\/image\/"},"sameAs":["https:\/\/www.facebook.com\/deporte.caudete\/"]}]}},"_links":{"self":[{"href":"https:\/\/deportes.caudete.org\/cross\/wp-json\/wp\/v2\/pages\/1579","targetHints":{"allow":["GET"]}}],"collection":[{"href":"https:\/\/deportes.caudete.org\/cross\/wp-json\/wp\/v2\/pages"}],"about":[{"href":"https:\/\/deportes.caudete.org\/cross\/wp-json\/wp\/v2\/types\/page"}],"author":[{"embeddable":true,"href":"https:\/\/deportes.caudete.org\/cross\/wp-json\/wp\/v2\/users\/1"}],"replies":[{"embeddable":true,"href":"https:\/\/deportes.caudete.org\/cross\/wp-json\/wp\/v2\/comments?post=1579"}],"version-history":[{"count":10,"href":"https:\/\/deportes.caudete.org\/cross\/wp-json\/wp\/v2\/pages\/1579\/revisions"}],"predecessor-version":[{"id":2333,"href":"https:\/\/deportes.caudete.org\/cross\/wp-json\/wp\/v2\/pages\/1579\/revisions\/2333"}],"wp:attachment":[{"href":"https:\/\/deportes.caudete.org\/cross\/wp-json\/wp\/v2\/media?parent=1579"}],"curies":[{"name":"wp","href":"https:\/\/api.w.org\/{rel}","templated":true}]}}